e the prime factors of 513827278?
2, 17, 29, 61, 8543
What are the prime factors of 3229532387?
2609, 1237843
List the prime factors of 12324544.
2, 192571
What are the prime factors of 2490455571?
3, 19, 23, 1899661
What are the prime factors of 100437900?
2, 3, 5, 334793
List the prime factors of 34184383.
503, 67961
What are the prime factors of 1477677456?
2, 3, 43, 167, 1429
List the prime factors of 18234416.
2, 509, 2239
What are the prime factors of 63624940?
2, 5, 211, 15077
What are the prime factors of 72978873?
3, 11, 2211481
List the prime factors of 439069837.
439069837
What are the prime factors of 676125511?
676125511
List the prime factors of 605011325.
5, 24200453
List the prime factors of 6276855768.
2, 3, 4549, 57493
What are the prime factors of 876181043?
67, 13077329
What are the prime factors of 1519029803?
19, 79948937
List the prime factors of 327409335.
3, 5, 11, 191, 3463
List the prime factors of 48239581.
13, 367, 10111
What are the prime factors of 101876834?
2, 59, 863363
What are the prime factors of 440259297?
3, 146753099
List the prime factors of 66972109.
37, 1810057
What are the prime factors of 2171560?
2, 5, 233
What are the prime factors of 3501229905?
3, 5, 77805109
List the prime factors of 4664941.
43, 157, 691
What are the prime factors of 2566032144?
2, 3, 13, 4112231
What are the prime factors of 476311446?
2, 3, 13, 89, 22871
What are the prime factors of 847621944?
2, 3, 13, 23, 39373
What are the prime factors of 1790394?
2, 3, 298399
What are the prime factors of 74018333?
3169, 23357
What are the prime factors of 212322517?
11, 61, 109, 2903
What are the prime factors of 2540746412?
2, 18097, 35099
What are the prime factors of 2514253367?
1669, 1506443
What are the prime factors of 174252462?
2, 3, 23, 37, 34127
List the prime factors of 73397339.
41, 73, 137, 179
List the prime factors of 67035650.
2, 5, 11, 121883
List the prime factors of 13857131.
13857131
What are the prime factors of 1913407938?
2, 3, 13, 8176957
List the prime factors of 39036396.
2, 3, 7, 541, 859
What are the prime factors of 61768718?
2, 11, 17, 317, 521
List the prime factors of 3626841414.
2, 3, 7, 6029, 14323
List the prime factors of 2069989811.
23, 29, 337, 9209
List the prime factors of 1254812320.
2, 5, 131, 457
List the prime factors of 359742494.
2, 23, 409, 19121
What are the prime factors of 167197015?
5, 151, 221453
What are the prime factors of 44181804?
2, 3, 23, 160079
What are the prime factors of 1726743?
3, 575581
What are the prime factors of 91991210?
2, 5, 9199121
What are the prime factors of 97842997?
7, 191, 73181
What are the prime factors of 325695810?
2, 3, 5, 11, 29, 34033
List the prime factors of 946607.
946607
What are the prime factors of 155535953?
155535953
List the prime factors of 51415225.
5, 17, 120977
What are the prime factors of 2377249131?
3, 97, 8169241
What are the prime factors of 1633136074?
2, 816568037
List the prime factors of 26403867.
3, 7, 139703
List the prime factors of 331847011.
331847011
List the prime factors of 155280989.
9439, 16451
What are the prime factors of 3137653521?
3, 19, 29, 33301
What are the prime factors of 5310819388?
2, 7, 389, 487589
List the prime factors of 336380773.
23, 29, 113, 4463
List the prime factors of 901780142.
2, 31, 191, 271, 281
List the prime factors of 7102144706.
2, 17, 59, 3540451
List the prime factors of 30247100.
2, 5, 13, 53, 439
What are the prime factors of 48744997?
7, 953, 7307
What are the prime factors of 5689417?
19, 251, 1193
List the prime factors of 356466428.
2, 6397, 13931
What are the prime factors of 114294963?
3, 1571, 24251
What are the prime factors of 1156235492?
2, 53, 5453941
What are the prime factors of 2502612899?
41, 71, 859709
What are the prime factors of 2213077238?
2, 17, 65090507
List the prime factors of 1698843303.
3, 17, 89, 124759
What are the prime factors of 190285591?
199, 659, 1451
What are the prime factors of 874947837?
3, 291649279
What are the prime factors of 57350162?
2, 28675081
What are the prime factors of 129296290?
2, 5, 12929629
What are the prime factors of 879156422?
2, 8863, 49597
List the prime factors of 51567888.
2, 3, 59, 131, 139
List the prime factors of 3684532798.
2, 1842266399
List the prime factors of 678104324.
2, 43, 3942467
List the prime factors of 171972716.
2, 42993179
What are the prime factors of 67160325?
3, 5, 895471
List the prime factors of 1361586315.
3, 5, 23, 139, 28393
List the prime factors of 368079036.
2, 3, 13, 17, 138793
List the prime factors of 503275512.
2, 3, 23, 29, 149, 211
List the prime factors of 166378099.
17, 1181, 8287
List the prime factors of 2955557467.
2955557467
What are the prime factors of 77489671?
7, 1153, 9601
What are the prime factors of 89047549?
523, 170263
List the prime factors of 373076524.
2, 337, 276763
List the prime factors of 39361832.
2, 23, 71, 131
What are the prime factors of 113533951?
3623, 31337
What are the prime factors of 16309718?
2, 41, 198899
List the prime factors of 1003973716.
2, 250993429
What are the prime factors of 1430972986?
2, 827, 865159
List the prime factors of 45871660.
2, 5, 23, 99721
List the prime factors of 281360854.
2, 19, 1171, 6323
What are the prime factors of 4654099826?
2, 17, 136885289
What are the prime factors of 166110425?
5, 13, 511109
List the prime factors of 41063512.
2, 7, 733277
What are the prime factors of 42945078?
2, 3, 11, 149, 397
What are the prime factors of 5203185644?
2, 19, 68462969
What are the prime factors of 25293399?
3, 17, 23, 21563
List the prime factors of 1016838473.
7, 145262639
What are the prime factors of 665891254?
2, 7, 73, 491, 1327
What are the prime factors of 129015567?
3, 17, 19, 44381
List the prime factors of 978283768.
2, 7, 11, 17, 93419
What are the prime factors of 3089396?
2, 772349
What are the prime factors of 6483105480?
2, 3, 5, 54025879
What are the prime factors of 8087238?
2, 3, 37, 12143
What are the prime factors of 52559850?
2, 3, 5, 7, 7151
What are the prime factors of 418772950?
2, 5, 8375459
List the prime factors of 4139837.
13, 29, 79, 139
What are the prime factors of 112958382?
2, 3, 19, 23, 67, 643
List the prime factors of 1045078403.
1045078403
List the prime factors of 45466227.
3, 5051803
What are the prime factors of 10214829?
3, 23, 5483
List the prime factors of 1654969370.
2, 5, 23, 83, 86693
List the prime factors of 118978792.
2, 61, 243809
What are the prime factors of 43623626?
2, 21811813
List the prime factors of 103702339.
13, 239, 33377
What are the prime factors of 607957139?
199, 1597, 1913
What are the prime factors of 126430512?
2, 3, 13, 202613
What are the prime factors of 1038320007?
3, 346106669
What are the prime factors of 863887647?
3, 7, 1423, 28909
What are the prime factors of 616492457?
7, 88070351
What are the prime factors of 752685636?
2, 3, 47, 1334549
List the prime factors of 43583586.
2, 3, 7263931
What are the prime factors of 32867484?
2, 3, 13, 59, 3571
List the prime factors of 701130203.
701130203
List the prime factors of 74161911.
3, 47, 83, 6337
What are the prime factors of 279828008?
2, 157, 222793
List the prime factors of 827501384.
2, 17, 911, 6679
List the prime factors of 54066924.
2, 3, 1501859
What are the prime factors of 23931914?
2, 23, 223, 2333
List the prime factors of 111263344.
2, 6953959
What are the prime factors of 535120565?
5, 7, 15289159
What are the prime factors of 1175782942?
2, 31, 151, 125591
What are the prime factors of 1996701414?
2, 3, 223, 1492303
What are the prime factors of 5615474870?
2, 5, 561547487
List the prime factors of 1444657279.
13, 79, 1406677
List the prime factors of 466350693.
3, 359, 569, 761
List the prime factors of 92922524.
2, 23230631
What are the prime factors of 36543384?
2, 3, 19, 26713
List the prime factors of 5175403649.
13, 398107973
What are the prime factors of 150147723?
3, 11, 17, 267643
What are the prime factors of 558690008?
2, 69836251
What are the prime factors of 490616285?
5, 98123257
List the prime factors of 132640250.
2, 5, 431, 1231
What are the prime factors of 1169576905?
5, 7, 47, 710989
List the prime factors of 263055230.
2, 5, 29, 263, 3449
List the prime factors of 